s of p?
11
Let y be (-114)/27 + (-6)/(-27). Let s be ((-4)/3)/(y/6). What are the prime factors of 5/s - (-3)/(-6)?
2
Suppose -4*g = 5*s - 20, 2*s - 21 + 0 = g. Suppose 0 = -5*r - 4*u + 14, 4*r - 2*u - 6 = -0*u. Let c = r + s. What are the prime factors of c?
2, 5
Let t = 131 + -94. List the prime factors of t.
37
Let t = 5 - 3. List the prime factors of 18/(-3)*-2 - t.
2, 5
Let j = -130 + 185. List the prime factors of j.
5, 11
Let d be (2/4)/((-4)/(-152)). Suppose m = s + 10, m + 19 + 11 = -3*s. List the prime factors of s/(-35) - d/(-7).
3
Let c(p) = 2 - 3 - 2*p + p + p**2. Let n be c(1). What are the prime factors of n/(-2) + (-19)/(-2)?
2, 5
Let q be (-4)/6 + (-46)/(-6). Let x(i) be the third derivative of -i**5/60 + i**4/3 + i**3/6 - 2*i**2. What are the prime factors of x(q)?
2
Let z(h) = -2*h**2 + h + 7*h**3 + 18 - 18. What are the prime factors of z(1)?
2, 3
What are the prime factors of 7/(-2)*52/(-91)?
2
Let m(s) = -3*s + 4*s - 2 - 4*s. List the prime factors of m(-4).
2, 5
Let s = -14 + 16. List the prime factors of (-151)/(-9) - s/(-9).
17
Let b(u) = u**3 - u**2 + 5*u - 1. List the prime factors of b(2).
13
What are the prime factors of 33 - (0 - -1) - -2?
2, 17
Suppose 4*l - 72 = -5*i, 4*i - 4*l = 32 + 4. Suppose 0 = 4*v - v - i. What are the prime factors of v?
2
Let j(i) = 32*i - 36. List the prime factors of j(6).
2, 3, 13
Suppose 4*r + 31 = 4*l + 103, -5*l + r - 94 = 0. Let v = l - -54. What are the prime factors of v?
5, 7
Suppose -4*h - 2 - 2 = -2*r, 5*h = 3*r - 4. Let d(i) = 2*i**2 - 2. What are the prime factors of d(h)?
2, 3
Let n(k) = -k - 4. Let i be n(-4). Let m be (46 - 45) + (-1)/(2 + -1). List the prime factors of m + 7 + 3 + i.
2, 5
Suppose -4*r - 3*p = -630, r - 33 - 119 = 2*p. List the prime factors of r.
2, 3, 13
Let u = 33 + -4. What are the prime factors of u?
29
Let s = 2 + 0. Suppose -s*v = v - 21. Let f(i) = -i**2 + 8*i + 8. List the prime factors of f(v).
3, 5
Let t(i) = i**3 - 4*i**2 - 4*i - 5. Let q be t(5). List the prime factors of 2 + (q - -9) + -4.
7
Suppose 5*d = -r - 3 - 3, -4*r - 4*d + 8 = 0. Suppose -4*c + 2*c = 0, 188 = r*a + c. What are the prime factors of a?
47
Let u be ((-1 + 0)*1)/(-1). Let i(n) = 6*n**3 - 5*n + 4. Let s(r) = 6*r**3 - 6*r + 5. Let t(q) = 6*i(q) - 5*s(q). List the prime factors of t(u).
5
List the prime factors of (-7058)/(-22) + (-2 - (-168)/77).
3, 107
Let s be 2/(-2*1) + 2. Let j = s - -11. What are the prime factors of -1*j*(0 - 1)?
2, 3
Suppose -5*f - 41 = -3*u, 8*u - 15 = 3*u - 5*f. Suppose 2*g - 17 = u. Let k = -6 + g. List the prime factors of k.
2, 3
List the prime factors of (-1)/1*1 - (0 + -41).
2, 5
Suppose -3*v + 194 = 2*a - 2*v, -3*a - 5*v = -305. List the prime factors of a.
5, 19
List the prime factors of (50/(-15))/(-5) - 997/(-3).
3, 37
What are the prime factors of (5 + (1 - 0))*7/3?
2, 7
Let o(t) = -6*t - 6. Let r(c) = -5*c - 6. Let a(x) = 6*o(x) - 7*r(x). Let y be a(6). List the prime factors of 14 - 0 - (y + 1).
13
Suppose 2*b - 101 - 25 = 0. Suppose 49 + b = 4*g. List the prime factors of g.
2, 7
What are the prime factors of 29/3*(56/7 + 7)?
5, 29
Suppose -3*a + 4 + 2 = 0. What are the prime factors of (-1)/a*(-1 - 15)?
2
Suppose -11 = -r + 3*h, h + 55 = -r + 6*r. List the prime factors of r.
11
Let y(z) = -z**3 + 8*z**2 - 5*z + 6. Let p = -4 - -11. List the prime factors of y(p).
2, 5
Suppose -5*t - 3 = 3*o + 55, 0 = 2*o - 5*t - 3. Let x = -1 - o. List the prime factors of x.
2, 5
Let i(s) = s - 4. Let p be i(6). Suppose 1 = -t + p. List the prime factors of (-7 + 1)*t/(-2).
3
Suppose 2*d - 2 = -r, 5*d + 2 = -3*r + 8. Suppose d = 2*u - 4*o - 12, 4*o + 7 = 3. List the prime factors of u.
2
Let i = 52 - 47. List the prime factors of i.
5
Let z(d) = -d**2 + 6*d + 7. Let r be z(7). Let l(j) = 0*j**3 + j**2 - j**3 + 7 - j + r. List the prime factors of l(0).
7
Let u be ((-4)/(-3))/(16/72). Let r(f) = f**3 - 5*f**2 - 3*f. What are the prime factors of r(u)?
2, 3
Let a(g) = -3*g**3 - 1. Let x be a(-1). Suppose 3 + 27 = x*j. List the prime factors of j.
3, 5
Suppose 2*g - 42 = r, -3 - 9 = -3*r. What are the prime factors of g?
23
Let b(v) = -v + 6. Let g be b(3). Suppose -g*z - 36 = -3*m, m - z = 2*m - 14. List the prime factors of m.
13
Suppose -2*f - 198 = -2*i - 0*f, -i - 2*f + 96 = 0. Suppose i = 3*s + y, 3*s - y = -2*s + 166. What are the prime factors of s?
3, 11
Let d = -5 + 9. Suppose -d*y + 6*y = 8. Suppose 0 = y*p - 35 - 5. List the prime factors of p.
2, 5
Let f = 2 - 2. Suppose 0 = -f*h + h - 11. What are the prime factors of h?
11
Suppose -5*k - 6*r = -3*r - 510, 0 = 5*r. List the prime factors of k.
2, 3, 17
Suppose 0*i - 2*i = -4. Suppose 5*n = -5*v + 65, -7*n = -i*v - 3*n - 4. Suppose 2*b - 6 = v. What are the prime factors of b?
7
Let h = -6 - -6. Suppose 4*r + 5*a + 25 = h, -4*a = -8*r + 3*r + 20. Suppose q - 14 + 4 = r. What are the prime factors of q?
2, 5
Let j be ((-5)/3)/(3/(-9)). Suppose v = -r - v + 4, 0 = -j*r - 2*v + 52. List the prime factors of r.
2, 3
Let l(p) = 5*p**2 - 2*p - 2. Let z be l(3). Suppose h - z = -2*c, 0 = -5*h + 3*c - c + 125. Suppose -38 - h = -5*g. List the prime factors of g.
13
Suppose 0*z + z + 19 = 0. Let m = -11 - z. List the prime factors of m.
2
Suppose 0 = -5*h - 549 + 1404. What are the prime factors of h?
3, 19
Let y = -153 + 233. What are the prime factors of y?
2, 5
What are the prime factors of (-4)/2 - (-9 - 85)?
2, 23
Let v(u) = -99*u - 4. List the prime factors of v(-2).
2, 97
Suppose -3*b - 2*y = -5*y, -5*b + 3*y = -6. What are the prime factors of (-4)/(-2)*(8 - b)?
2, 5
Let x(z) = -z**2 + 5*z + 1. Let n be x(5). Suppose -j = n - 9. What are the prime factors of j?
2
Let z = 62 + 93. Suppose 7*r - z = 2*r. List the prime factors of r.
31
Suppose 6*m = 3*m + 48. Suppose -3*n + 2 = -m. Let l(u) = u**3 - 5*u**2 - 3*u - 7. List the prime factors of l(n).
11
Let z(s) = -s + 7. Let m be z(0). Suppose 5 = -w - 0. Let r = w + m. What are the prime factors of r?
2
Let v(q) = -2*q + 3. Let h be v(2). Let z be h/3 + (-1)/(-3). Suppose -2*t + 10 = -z. List the prime factors of t.
5
Suppose j = u - 50, -u + 3*j = -j - 62. List the prime factors of u.
2, 23
Suppose 3*q = 3*p + 9, 4*q + 4*p = -p + 48. What are the prime factors of q?
7
Suppose 2*n = -2*n - 3*a + 39, 50 = 5*n + 5*a. Suppose 4*r - n + 99 = 5*q, -4*q + 93 = r. List the prime factors of q.
2, 11
Suppose -4*p + 4*d = -9 - 19, -20 = -4*p + 2*d. Let w(q) = q**2 - 5*q - 1. Let f be w(-6). Suppose 0 = 2*c + p*c - f. What are the prime factors of c?
13
Let x(y) = -y**3 + y**2 - 4. Let s be ((-4)/(-6))/((-2)/9). What are the prime factors of x(s)?
2
Let u(k) = -k**3 + 12*k**2 - 11*k + 6. Let w be (-6 + 5)/((-1)/11). What are the prime factors of u(w)?
2, 3
Let f(z) = 3*z**3 - 4*z**2 + 3*z - 1. Let a be f(3). Let c = a - 4. What are the prime factors of c?
7
Let f(c) = 17*c - 8. Let d be f(-8). What are the prime factors of (2/4)/((-8)/d)?
3
Suppose -3*t + 4*v + 141 = v, -5*t + 263 = 2*v. List the prime factors of t.
3, 17
Let m = 12 + -3. Let x be (-2)/(-5 - 1)*m. Suppose -f + 5 - x = 0. What are the prime factors of f?
2
What are the prime factors of 12*(-3 + 51/9)?
2
Let a = 600 - 214. Suppose 4*u - 100 = -w, -58 + a = 3*w + 5*u. List the prime factors of 4/(-14) - w/(-14).
2
Let o(k) = -3*k - 6. List the prime factors of o(-6).
2, 3
What are the prime factors of 4167/36 - (-3)/(-4)?
5, 23
Suppose -6*a + 15 = -a. Suppose -4*f + v = -97 + 40, -a*f = v - 41. List the prime factors of f.
2, 7
Suppose 3*j - 77 + 11 = 0. List the prime factors of j.
2, 11
Let m = -15 - -58. What are the prime factors of m?
43
Suppose 2741 = 10*i + 541. What are the prime factors of i?
2, 5, 11
Suppose 2*w - 5*i - 6 = 0, -3*w - 4*i = w - 12. Let u be (14/(w - 2))/2. Suppose 3*l - 3*x = 42, -u - 6 = -2*l + 5*x. List the prime factors of l.
19
Suppose -d - 4*d + 20 = 2*v, -7 = 4*d - 3*v. Suppose -18 - 4 = -d*o. What are the prime factors of o?
11
Let t(q) = -q**3 + 7*q**2 + 6*q + 15. List the prime factors of t(7).
3, 19
Let a = 116 - 82. What are the prime factors of a?
2, 17
Let m = 26 - 34. Let x(n) = -n**2 + n + 1. Let i(r) = 5*r**2 + 4*r - 10. Let g(d) = -i(d) - 4*x(d). What are the prime factors of g(m)?
2, 3
Let f = -14 - -3. Let h = 18 + f. List the prime factor